Let m(z) = 5*z + 8. Let r(q) = -q + 1. Let y(w) = m(w) + 6*r(w). Let j = -150 - -163. Give y(j).
1
Let o(d) = -3*d. Suppose 0 = -u - f - 1, 87*f = -u + 85*f - 3. Give o(u).
-3
Let r(t) = 25*t**2 - 5*t - 10. Let o(z) = -28*z**2 + 6*z + 12. Let f(g) = 4*o(g) + 5*r(g). Give f(-1).
12
Let j(u) = -9*u**2 - u - 1. Let l be ((-6)/12 - 0)*2*1. What is j(l)?
-9
Suppose 6*c = 3*c - d - 19, 5*d + 18 = -4*c. Let z(t) = 2*t + 17. Give z(c).
3
Let g(s) = -2*s**2 - 26. Suppose 0 = -10*j - 2*j. What is g(j)?
-26
Let r(c) be the third derivative of c**6/120 + c**5/10 + c**4/24 - c**3/6 + 3*c**2 - 38*c. What is r(-6)?
-7
Let l(d) = -3*d**2 + 61*d + 39. Let p be l(21). Let a(r) = -r**3 - 2*r**2 + 5*r + 3. Give a(p).
-3
Suppose -2*s + 6 = -0*s. Suppose -3*i + 0*i + s = 0. Suppose -b = i + 1. Let f(n) = -3*n. Calculate f(b).
6
Let s(d) = 0 - 5*d**2 + 3 + 7*d + d**3 - 3 + 6 + 12*d**2. Determine s(-6).
0
Let y(k) = 3*k - 4. Let x be (2/(-4))/((-6)/(-12)). Let l be (-10)/(-3) - x/(-3). Suppose 0 = 3*n - 4*n - 1, -2*z = -l*n - 9. What is y(z)?
5
Let w(j) = 5*j**3 + 11*j**2 - 3*j - 10. Let t(l) = -6*l**3 - 12*l**2 + 3*l + 11. Let u(h) = -6*t(h) - 7*w(h). Determine u(4).
0
Let g(b) = 3*b - 4. Let f be (-10)/4*(93/(-15) - -3). Give g(f).
20
Let r = 641 - 633. Let p(j) = 5*j - 8. Calculate p(r).
32
Let o(n) be the third derivative of -n**5/30 + 5*n**4/24 - n**3/2 + n**2 + 26*n. Calculate o(4).
-15
Let h(u) = 5*u. Let i = -25 - -24. Let j(d) = d + 3. Let s be j(i). Calculate h(s).
10
Suppose -2*w + 7*w + 30 = 0. Let z = -78 + 9. Let d be z/12 - w/8. Let y(u) = 3*u + 5. Determine y(d).
-10
Let o(h) = h**2 + 7*h - 4. Let j(v) = -7*v**2 + 2*v - 1. Suppose 0 = -4*p - 4, -n + 6*p - p = -6. Let t be n/(2*(-2)/(-4)). Let q be j(t). What is o(q)?
-10
Let u(a) be the first derivative of 2*a**3/3 - 3*a**2/2 - 11*a + 11. Let l(n) be the first derivative of u(n). What is l(4)?
13
Let t = -28 - -33. Suppose t*m - 8 = -23. Let o(s) = -s**2 + 4*s + 4. Determine o(m).
-17
Let z(a) be the first derivative of -a**4/4 - 2*a**3 - 2*a**2 + 4*a - 352. Determine z(-4).
-12
Let y be (-16)/40*-1*(-2 - -7). Let q(z) = 2*z**3 - z**2 + 3*z - 1. Calculate q(y).
17
Suppose 4 - 67 = 7*t. Let b = 3 - -6. Let i = b + t. Let d(n) = -n - 11. Determine d(i).
-11
Let g(j) = -2*j - 15. Let d(v) = -5*v - 36. Let z(t) = 6*d(t) - 14*g(t). What is z(5)?
-16
Let b(j) = 33*j - 4 + 20*j - j**2 - 64*j + 11*j. Give b(-4).
-20
Let b(a) = -5*a**2 - 2*a. Let t(k) = 3*k + 6*k**2 - 6 + 0 + 4 + 3. Suppose -3*q + 7 - 19 = 0. Let g(z) = q*t(z) - 5*b(z). Give g(4).
4
Let o(c) = c**2 + 9*c + 3. Let d = -223 - -219. What is o(d)?
-17
Let w(y) be the first derivative of -1/2*y**2 - 20 + 6*y. What is w(-6)?
12
Let r(m) = 8*m - 10. Suppose 17*o = -394 + 428. What is r(o)?
6
Let q = -61 - -65. Suppose 1 = m - q. Let n(o) be the third derivative of -o**6/120 + o**5/10 - 7*o**4/24 + 5*o**3/6 + o**2. What is n(m)?
-5
Let x = 9 + -22. Let b(d) = -22*d**3 - 15*d**2 - 2*d + 2. Let m(l) = 11*l**3 + 7*l**2 + l - 1. Let y(w) = x*m(w) - 6*b(w). Calculate y(1).
-12
Let x(l) = 12*l**3 - 20*l**2 + 12*l + 1. Let n(v) = -7*v**3 + 11*v**2 - 7*v - 1. Let u(p) = -5*n(p) - 3*x(p). Calculate u(5).
-3
Let u(b) = b**2 + 2*b + 1. Let y = -231 + 230. Determine u(y).
0
Let x be (10 + 9/(-3))*2. Let l(r) = 0*r - 7 - 6 + x + 4*r. Calculate l(3).
13
Let d be (2*9/6)/1. Let i(c) = -3*c**3 + 2*c**2 - 2*c - 1. What is i(d)?
-70
Let u(m) = 11*m**2 - m + 1. Let r be (-6)/2 - (0 + -8) - 4. Determine u(r).
11
Let g(k) = 2*k - 2. Let f(a) = 3*a - 2. Let n(v) = -4*f(v) + 3*g(v). Suppose -3*c = 3 - 21. Suppose -4*x - 2 = -i - 5*x, 0 = -3*i + 5*x + c. What is n(i)?
-10
Let f(t) = -t - 3. Let k be f(-4). Suppose 0 = -n - 3*r - 5, 0 = -n - r - 4 + 3. Let v(u) = -u + n - 4*u + 6*u + 10*u**2 - 3*u. Determine v(k).
9
Let o(i) = -24*i - 9. Let r(p) = -34*p - 13. Let q(t) = -7*o(t) + 5*r(t). Let f = 2 + 0. Suppose 4*w = 4*y, 3*w + f*y + 6 = 8*w. What is q(w)?
-6
Let n(v) = -5*v**2 - 3*v + 1. Let w(h) = 7*h**2 + 4*h - 1. Let c(r) = -4*n(r) - 3*w(r). Determine c(0).
-1
Let d(q) be the first derivative of q**6/360 + q**5/30 - q**4/6 - 17*q**3/3 - 35. Let a(u) be the third derivative of d(u). What is a(-5)?
1
Let j(h) = -h**2 - 22*h + 360. Let s be j(11). Let g(k) = -6*k**2 - 4*k - 3. What is g(s)?
-45
Let z(v) = 3*v**3 - 15 + 0*v**2 - 4*v**3 - 7*v + 4*v**2 - 4*v**2 - 7*v**2. Determine z(-6).
-9
Suppose 5*p - 6 = 4*k, 5*p - 2*k = 8 - 0. Let n(f) be the first derivative of -f + p - 8/3*f**3 + 1/2*f**2. Determine n(1).
-8
Let a(j) = 0*j - 1 - 2*j + j + 2*j. Let q(k) = 1. Let f(y) = -a(y) - 2*q(y). What is f(0)?
-1
Let r(n) = -4*n**3 + n. Let b(f) be the second derivative of f**3/6 - f**2 - 9*f. Let o be b(3). What is r(o)?
-3
Let u(b) = b. Let y(x) = -5*x - 14. Suppose -3*o + 1 = -5. Suppose 0 = o*k - 5 - 3. Let p(a) = k*u(a) + y(a). Give p(0).
-14
Let t(u) = 4*u**3 + 10*u**2 + u - 5. Let b(w) = -w**3 - w**2 + w + 1. Let s = -138 - -133. Suppose -i = -4 + 5. Let h(o) = i*t(o) + s*b(o). Calculate h(6).
0
Suppose 0*o + 12 = -2*o. Let s be 9/(-6) + 21/o. Let k(r) = r + 1. Let c(z) = 5*z + 13. Let i(n) = -c(n) + 4*k(n). Give i(s).
-4
Suppose 2*i - 2*v - 32 = 0, 2*v + 27 = i + 9. Let s be -2 + 1 + -1 + 4. Let m(l) = s*l - i + 2*l + l**2 + 10 - 3*l - l**3. Calculate m(0).
-4
Let z(m) = m + 9. Let o(n) = 6*n**3 - n**2 + 2. Let p be o(-2). Let k = p - -44. Give z(k).
3
Let k(b) be the third derivative of b**6/720 - b**5/20 + 2*b**4/3 + 23*b**2. Let z(v) be the second derivative of k(v). Calculate z(6).
0
Let s(k) = k**3 + 4*k**2 - 2*k - 4. Let d be s(-3). Let w(i) = 14*i - 75*i**2 - 75*i**2 + 149*i**2 - 3*i - 3. Give w(d).
-3
Let v(p) = 5*p**2 - 2*p - 2. Let m(f) = 9*f**2 - 3*f - 5. Let q(g) = 4*m(g) - 7*v(g). Determine q(4).
18
Let z = -23 + 25. Let r(k) = -5*k - 11*k**2 + 4*k**z + 14*k - 8 + k**3. Calculate r(6).
10
Let f(h) = h**3 + 1. Let t(a) = -a**2 + a + 1. Let z be t(3). Let i = 3 + z. Calculate f(i).
-7
Let m(t) be the third derivative of t**5/60 - t**4/6 + t**3/3 + 37*t**2. What is m(5)?
7
Suppose 110 = -7*o + 12*o. Suppose -3*r - 7 = 2*t, 4*r - 5*t + o + 18 = 0. Let p(z) = -z**3 - 4*z**2 + 5*z - 4. Calculate p(r).
-4
Let o(u) be the first derivative of -u**2/2 + 2*u - 83. Let p be 3/(-2)*8/(-2). What is o(p)?
-4
Let m(h) = 14*h - h + h**2 - 5*h - 1. Determine m(-8).
-1
Let z(r) be the third derivative of r**4/12 - 2*r**3/3 - r**2. Let d(s) = s**3 + 29*s**2 - 3*s - 81. Let a be d(-29). What is z(a)?
8
Suppose 5*s = -m + 3*m - 36, -5*s + 12 = 4*m. Let w(i) = -4*i + 9. Give w(m).
-23
Suppose 4*f + 10 = 34. Let b(p) = p + 975*p**2 - p**3 - 975*p**2 + f. Calculate b(0).
6
Let m(k) = 4*k - 2. Let v(b) = 4 - 5 - b + 3 + 15. Let i be v(10). Suppose 3*c - 2*c = 5*g - 13, -3*g = -c - i. What is m(g)?
10
Suppose -3*w - 2*w - q = -13, w - 4*q - 11 = 0. Let i(t) be the second derivative of t**4/12 - t**3/3 + 16*t. Give i(w).
3
Suppose 5*i - 71 = 2*w, -3*i + 31 = 4*w + 4. Let c = i + -8. Suppose q - 4*q + 12 = c*v, -2*v = 4*q - 2. Let d(p) = 8*p**3 - p**2. Determine d(q).
-9
Let l(s) = -13*s + 2579*s**3 - 14*s**2 - 12 - 2580*s**3 + 20. Determine l(-13).
8
Let x(n) = -7*n + 4. Let h(d) = 8*d - 6. Let y(v) = v. Let a(w) = -h(w) - 3*y(w). Suppose -3*o + o = 10. Let z(t) = o*a(t) + 8*x(t). Calculate z(-5).
7
Let c(l) = l**2 - l - 7. Suppose -f - x = 0, -1 = 2*f + x + 1. Let s(k) = k**3 - 3. Let p be s(0). Let b be (f - -2)*p/(-6). Calculate c(b).
-7
Let m(f) = 14*f - 355. Let p be m(27). Let w(k) = -k**2 + 24*k - 17. What is w(p)?
6
Let l(w) = -3*w + 7. Suppose -38 + 38 = -54*b. Give l(b).
7
Let a(s) = -12*s**2 - 5*s**2 + 7*s + 30*s**2 - s**3 - 9*s**2 + 7 - 10*s**2. Let t = -24 - -17. Calculate a(t).
7
Let k(s) be the second derivative of 0*s**2 + 0 + 14*s - 5/12*s**4 + 0*s**3. Give k(1).
-5
Let i = 60 - 55. Let j be i*(3 - 2) - (-2 - -4). Let d(s) be the third derivative of s**6/120 - s**5/15 + s**4/12 - s**3/6 - s**2. Give d(j).
-4
Let k(z) be the third derivative of 0 - 1/24*z**4 + 4/3*z**3 + 43*z**2 + 0*z. What is k(5)?
3
Let s(r) be the first derivative of r**3 + 3*r**2/2 + r - 118. Let b(z) = z**3 + 4*z**2 + 2*z. Let n be b(-3). Let y = 1 - n. Give s(y).
7
Let q be (-2 - -2 - -7)*3. Let p = -18 + q. Let t(o) = -5*o - 2 + p*o - 4*o + 9*o. What is t(3)?
7
Let l = 45 - 39. Let z be (-1)/(2/l